ate the highest common factor of 102 and 10573813.
17
What is the greatest common divisor of 1248523 and 311357?
619
What is the highest common factor of 352 and 1142636?
44
What is the highest common divisor of 12038514 and 1539?
57
What is the highest common factor of 327 and 758658?
3
What is the highest common divisor of 272 and 26188432?
272
Calculate the highest common factor of 96050 and 691673.
113
Calculate the highest common divisor of 520938141 and 4271.
4271
What is the greatest common factor of 20973 and 1839?
3
Calculate the highest common divisor of 50894880 and 195.
15
Calculate the highest common divisor of 1295 and 701435.
35
What is the highest common factor of 1242 and 21522802?
46
What is the greatest common factor of 88256042 and 42?
14
What is the highest common factor of 90426944 and 23120?
4624
What is the greatest common factor of 258733290 and 5080?
1270
Calculate the greatest common factor of 18030 and 1285.
5
Calculate the greatest common divisor of 15715 and 5845.
35
What is the highest common factor of 110 and 29170152?
22
Calculate the highest common factor of 21648 and 18059184.
528
Calculate the highest common factor of 12317616 and 2421.
9
Calculate the highest common factor of 37646049 and 14.
7
What is the greatest common divisor of 103634144 and 96?
32
What is the greatest common divisor of 8304 and 215472?
48
What is the highest common divisor of 3467179 and 104624?
503
Calculate the highest common factor of 189 and 853251.
21
What is the greatest common factor of 11618 and 12569566?
74
Calculate the greatest common divisor of 176572 and 263098.
22
What is the highest common factor of 322 and 256041842?
322
Calculate the greatest common factor of 110 and 52024130.
10
Calculate the highest common factor of 616 and 4597472.
88
Calculate the greatest common divisor of 10067682 and 7144.
1786
What is the greatest common divisor of 48272826 and 16728?
4182
Calculate the highest common divisor of 7670 and 2381210.
130
Calculate the highest common factor of 798698 and 776.
194
Calculate the highest common divisor of 536 and 489270984.
536
What is the highest common divisor of 2628572 and 6431972?
8452
What is the greatest common divisor of 5982 and 627897639?
2991
Calculate the highest common divisor of 773365 and 11385965.
5645
Calculate the highest common factor of 13722288 and 2367.
789
What is the greatest common factor of 7787665 and 4371?
1457
What is the highest common factor of 4160258 and 16?
2
Calculate the highest common factor of 1313051 and 2117.
73
What is the greatest common factor of 35 and 20338465?
35
Calculate the greatest common divisor of 22003434 and 162.
54
What is the highest common divisor of 1092 and 50119888?
364
What is the greatest common factor of 306692064 and 3024?
1008
Calculate the greatest common divisor of 383701 and 1004789.
1493
What is the highest common divisor of 1428553 and 644?
161
Calculate the greatest common factor of 33461022 and 6870.
1374
Calculate the greatest common factor of 15219891 and 63.
9
Calculate the highest common factor of 1414 and 2501644558.
1414
Calculate the greatest common factor of 166859 and 135982.
77
What is the greatest common divisor of 9632 and 1536?
32
Calculate the highest common divisor of 84 and 1775011.
7
What is the greatest common divisor of 2196 and 320484240?
2196
Calculate the greatest common divisor of 32 and 50337152.
32
What is the highest common divisor of 104 and 22943656?
8
Calculate the highest common divisor of 1170 and 13216710.
390
What is the greatest common factor of 30908783 and 15127?
2161
What is the greatest common divisor of 100 and 206065600?
100
What is the highest common factor of 6575295 and 3775?
755
What is the greatest common divisor of 393599140 and 11?
11
What is the highest common factor of 35267468 and 1168?
292
What is the highest common factor of 49 and 11091?
1
What is the greatest common divisor of 137 and 149172587?
137
What is the highest common divisor of 161832 and 929308?
2452
What is the greatest common factor of 20191370 and 240?
10
What is the greatest common factor of 7519797 and 139320?
3483
Calculate the greatest common factor of 12 and 863617602.
6
What is the greatest common factor of 8103 and 2482737?
111
What is the highest common factor of 45008217 and 89424?
5589
What is the highest common divisor of 1527175 and 110617?
1651
What is the greatest common factor of 4698 and 768844143?
2349
What is the greatest common divisor of 1871584 and 3972208?
6544
What is the highest common divisor of 12810 and 185220?
210
What is the greatest common factor of 1393 and 11900399?
1393
What is the greatest common divisor of 55 and 504417045?
55
Calculate the highest common divisor of 26068146 and 1014.
78
Calculate the greatest common factor of 816750 and 15972.
726
What is the greatest common divisor of 264 and 1755552?
24
Calculate the highest common factor of 641030652 and 108.
108
What is the highest common divisor of 415555 and 44485?
1085
Calculate the highest common factor of 961 and 1016106623.
961
Calculate the highest common divisor of 193857 and 8797.
19
Calculate the greatest common divisor of 553332 and 10188.
12
What is the highest common divisor of 14 and 4586983660?
14
Calculate the greatest common divisor of 6 and 773218.
2
Calculate the greatest common divisor of 20622 and 8946.
42
What is the highest common divisor of 4435566 and 8406?
2802
What is the greatest common divisor of 58862 and 4066?
38
What is the highest common factor of 3708 and 3683214?
18
What is the greatest common factor of 52639238 and 622?
622
What is the highest common factor of 5 and 2915791?
1
Calculate the highest common factor of 6100224 and 981552.
8112
What is the greatest common divisor of 20272 and 25234160?
112
What is the highest common divisor of 52392 and 14356?
148
Calculate the highest common factor of 1504 and 37106.
2
What is the highest common divisor of 77959 and 45325?
1813
What is the greatest common divisor of 18424 and 11750?
94
Calculate the highest common factor of 132 and 407939268.
132
Calculate the highest common divisor of 132 and 15073773.
33
Calculate the highest common divisor of 906 and 148974.
6
What is the highest common divisor of 58635916 and 6356?
908
What is the greatest common factor of 4462215 and 9315?
15
What is the greatest common divisor of 1228614 and 61074?
174
Calculate the greatest common divisor of 3516 and 9022935.
879
What is the highest common factor of 2365074 and 193579?
1003
What is the highest common factor of 10 and 61622?
2
What is the greatest common divisor of 5270 and 9516566?
1054
What is the highest common divisor of 7323578 and 3860?
386
Calculate the highest common factor of 129 and 2380093.
43
What is the greatest common factor of 716192 and 384?
32
Calculate the highest common divisor of 7946977 and 3101.
443
Calculate the greatest common factor of 17784 and 47592207.
2223
What is the greatest common divisor of 79249 and 10492?
43
What is the greatest common divisor of 330665 and 13120?
205
What is the highest common divisor of 1422918 and 2455?
491
What is the greatest common divisor of 91549404 and 58?
58
Calculate the greatest common factor of 18124680 and 105.
105
What is the highest common divisor of 12111 and 475827?
33
What is the highest common factor of 962416 and 154336?
1456
What is the highest common divisor of 2159 and 166889?
17
Calculate the highest common divisor of 46286946 and 72.
18
Calculate the highest common divisor of 356041096 and 8.
8
What is the highest common factor of 2275 and 8203325?
325
What is the highest common factor of 807606528 and 512?
256
What is the greatest common factor of 72 and 13155496?
8
What is the greatest common divisor of 15827 and 154717?
323
Calculate the greatest common divisor of 2170 and 768334.
14
Calculate the greatest common divisor of 3234 and 13676817.
231
Calculate the greatest common factor of 12768511 and 14.
7
What is the highest common factor of 1100 and 8780500?
100
What is the greatest common divisor of 4608 and 137556?
36
What is the highest common factor of 1123126 and 20986880?
8198
Calculate the greatest common divisor of 146 and 168534.
2
Calculate the greatest common 